List the prime factors of g.
2, 11
Let m(f) = -f**3 + 8*f**2 + 14*f + 6. Let j be m(7). Let z = 219 - j. What are the prime factors of z?
2, 3, 11
Suppose 26*p - 28793 = 24325. List the prime factors of p.
3, 227
Suppose 22*p + 30438 = 60*p. What are the prime factors of p?
3, 89
Suppose b + 0*b - 913 = -l, -5 = l. List the prime factors of b.
2, 3, 17
List the prime factors of (-1)/(1 - 13302/13299).
11, 13, 31
Let g be 1/5 - (-2 - (-205)/25). What are the prime factors of (-657)/g - 5/10?
109
Suppose 0 = x + 3*x. Suppose -149 = -3*p - 4*b, -5*p = -x*b + b - 237. Let t = p + -22. List the prime factors of t.
5
Let x(c) = c**2 - c - 18. Let o be x(0). Let z be 9/(-6)*2244/o. Let q = -117 + z. What are the prime factors of q?
2, 5, 7
Suppose 20 = 4*s, -4*s - 42 - 94 = -4*t. List the prime factors of 4 - t/(-1 - 0).
43
Let n be 0*(1/2)/(-1). Let p = -243 - -282. What are the prime factors of 2 - (n - p/3)?
3, 5
Suppose -2*s = 5*f - 6*s - 2348, 4*f - 4*s - 1876 = 0. List the prime factors of f.
2, 59
Suppose 4*i - 18533 = 26*d - 21*d, -23160 = -5*i + 5*d. List the prime factors of i.
7, 661
Let b(o) = -100*o - 201. What are the prime factors of b(-10)?
17, 47
Let a = -13 - -6. Let r(o) = o**2 + 2*o. List the prime factors of r(a).
5, 7
Suppose 0 = -2*q - l + 5, -q - q - 1 = -5*l. Suppose 0 = q*z + 3*z + 10. Let t = z + 10. What are the prime factors of t?
2
Suppose -115*a + 120*a - 205 = 0. What are the prime factors of a?
41
Suppose 4*k + 2*f = -12, 4*f + 12 = -0*k - 2*k. Suppose -2*t - 63 = -3*t. What are the prime factors of t/6 - k/4?
11
Suppose 6*v = 109 + 29. Let q = 18 - v. Let m(j) = -j**3 - 4*j**2 - 2*j - 3. List the prime factors of m(q).
2
Let c be 6/8 + 596/16. Suppose 5*r - k - 3 = -c, r - k = -11. What are the prime factors of (-24)/(0 - (-9)/r)?
2
Suppose -18*i = -14*i - 436. Let n = 177 - i. What are the prime factors of n?
2, 17
Let q(c) = c**2 + 15*c + 7. Let h be q(-11). Let x be 594/8 - 1/4. Let y = h + x. List the prime factors of y.
37
Suppose 867 = -8*t + 9539. What are the prime factors of t?
2, 271
Suppose 0 = -9*r + 24*r - 645. List the prime factors of r.
43
Suppose 16 = -4*n, -5*n = 5*t - n + 16. Let o = 5 - t. Suppose -5*w + o*v + 355 = v, -5*v = 0. List the prime factors of w.
71
Let w be ((-1)/3)/(15/(-585)). Suppose 4*l = -w*l + 5389. What are the prime factors of l?
317
Suppose -1479 = -4*y - 203. What are the prime factors of y?
11, 29
Let b(v) = -v**3 - 22*v**2 + 7*v + 188. What are the prime factors of b(-23)?
2, 139
Suppose b = 4*b - 12. Suppose 3*f = u + u + 201, 0 = -b*f - 4*u + 268. Suppose -f - 93 = -5*y. What are the prime factors of y?
2
Let r(d) = d**2 + 3*d - 3. Let s be r(-7). Suppose 2*h - 3*t - 81 - s = 0, -3*h + t + 166 = 0. What are the prime factors of h?
2, 7
Let n(a) = -15*a - 13. Suppose -2*y = 16 - 6. What are the prime factors of n(y)?
2, 31
Let c(g) = -15*g + 8. Let z(s) = -22*s + 12. Let a(h) = 8*c(h) - 5*z(h). Suppose 2*k + 33 = 27*q - 22*q, -2*k + 2 = 2*q. List the prime factors of a(k).
2, 11
Let j(m) = -m**3 - 12*m**2 + m + 12. Let l be j(-12). Let t(g) = g**2 + g - 23. Let n be t(l). Let k = n - -36. List the prime factors of k.
13
Let y(f) = -3*f + 7. Let t be y(1). Let z(p) = 18*p + 2. List the prime factors of z(t).
2, 37
Let z(l) = 2*l**2 - 4*l + 2. Suppose -5*y + 18 = 2*b, 4*y = -0*b - 2*b + 16. Let r be z(y). What are the prime factors of r/17 - (-17212)/221?
2, 3, 13
Suppose 0 = 4*k, 2*k + 3 = d + 3*k. Suppose -4*u - 4 = -3*x - 0*u, 4*x - 4*u - 4 = 0. Suppose -d*z + 5*b = b - 15, x = -b + 3. List the prime factors of z.
3
Let i(x) be the third derivative of 7*x**5/30 - x**4/6 - 4*x**3/3 - 19*x**2. List the prime factors of i(3).
2, 53
Suppose 8*s = 5805 + 5299. What are the prime factors of s?
2, 347
Suppose 130 = -6*c - 14. Let v(m) = -m**3 - 23*m**2 + 15*m + 16. List the prime factors of v(c).
2, 29
Let n be 2 - (3 - (3 + -3 - -3)). Suppose 74 = n*g - 254. What are the prime factors of g?
2, 41
Let j(l) = -28*l**2 + 23*l + 113. Let u(n) = -13*n**2 + 12*n + 57. Let d(p) = 6*j(p) - 13*u(p). List the prime factors of d(28).
7, 31
What are the prime factors of 7*(1 - -3)*25/20?
5, 7
Let a(n) = 567*n**3 + n**2 - n. What are the prime factors of a(1)?
3, 7
Suppose -5*s = -12*s + 2156. What are the prime factors of s?
2, 7, 11
List the prime factors of (408/36)/(-17) - 821/(-3).
3, 7, 13
Let c be 272/72 - 6/(-27). List the prime factors of 0 - (-19 - (c - 1)).
2, 11
Suppose 0 = 2*t - 8, -9*h + 14*h - 14990 = -5*t. What are the prime factors of h?
2, 3, 499
Suppose -49*l + 206028 = 10*l. List the prime factors of l.
2, 3, 97
Suppose 5*l - 344 = -3*x, 2*x = 4*l + 6*x - 272. Let y = l - -2. List the prime factors of y.
2, 3
Let s = 1880 - 1075. What are the prime factors of s?
5, 7, 23
Let v be 2829/21 - (-4)/14. Suppose 54 = 2*x - 5*t, 0*x + 5*t - v = -5*x. List the prime factors of x.
3
Suppose 8*j - 80 + 24 = 0. Suppose 11 = 2*u - j. List the prime factors of u.
3
Suppose 11*j - 6*j = 3*z + 283, -285 = -5*j + 5*z. List the prime factors of j.
2, 7
Suppose 16*f = 361 + 295. What are the prime factors of f?
41
Let h be 4*(-42)/(-49)*21/8. What are the prime factors of 2/(-6) - (-3)/(h/70)?
23
Let u = 227 + -66. List the prime factors of u.
7, 23
Let q be 8*2/(-4)*114/2. What are the prime factors of 0 - (-1 - -6)*q/30?
2, 19
Suppose -3*r - 4*o + 2*o + 249 = 0, 3*r - 264 = 3*o. List the prime factors of r.
5, 17
Suppose -28*p - 39*p = -41875. What are the prime factors of p?
5
Suppose 5*m - 1602 = -337. List the prime factors of m.
11, 23
Let u(m) = -m**3 - 15*m**2 + 15*m - 11. Let k be u(-16). List the prime factors of k/(-15) - (-340)/12.
2, 7
Let m be (-9)/11 + 14/(-77). Let b be m/2 - 9/(-6). Suppose -3*v + a + 17 = 0, -5*a - 44 = -5*v + b. List the prime factors of v.
2
Let q(r) = -4*r - 24. List the prime factors of q(-10).
2
Let x(z) = z**3 + 9*z**2 - 17*z - 51. Let i be x(-10). Suppose 22*q - i*q = 408. What are the prime factors of q?
2, 17
Let m(p) = -733*p**2 + 3 + 7*p + 775*p**2 - 2. What are the prime factors of m(2)?
3, 61
Let p(a) = 6 - a + 15*a - 4. List the prime factors of p(5).
2, 3
Let z be (-27)/(-4) - (-5)/20. Suppose z*v = -3*v + 740. What are the prime factors of v?
2, 37
Let u = 1572 + 806. List the prime factors of u.
2, 29, 41
Let n = -10 + 15. Suppose n*b - 131 = -26. Suppose 2*a = b + 23. List the prime factors of a.
2, 11
Let t(l) = 46*l + 109. What are the prime factors of t(6)?
5, 7, 11
Let m = 7 + -10. Let c(o) = o**2 + 3*o + 4. Let v be c(m). Suppose 2*r - 5*k = 69, v*r + 2*k - 152 = -2*k. What are the prime factors of r?
37
Let c be ((-24)/(-9) - 3)*-42. Let l(m) = m**3 - 15*m**2 + 16*m + 14. What are the prime factors of l(c)?
2, 3, 7
Suppose -5174 = -2*g - 946. List the prime factors of g.
2, 7, 151
Let r(l) be the second derivative of 2*l**2 + 0 - 2/3*l**3 + l. List the prime factors of r(-4).
2, 5
Suppose -3*q - 4*j + 20 = 0, 5*q - 28 = q - 4*j. Let b be 4/4*(2 + 12). Let w = q + b. List the prime factors of w.
2, 11
Let m be (4 - 9)*2/(-5). Suppose -2*h + 1 = m*u - 3, 4*h + 2*u - 10 = 0. Suppose 4*z - h*d - 94 = 2*d, -5*d = 10. List the prime factors of z.
3, 7
Suppose -128 = b + 5*g - 510, 1202 = 3*b + g. Suppose -2*c + h = 100 - 498, 0 = -2*c - h + b. List the prime factors of c.
2, 5
Let m(i) = -i**3 - 8*i**2 + 7*i - 17. Let x be m(-10). Suppose x + 179 = 4*a. List the prime factors of a.
73
Let y = 507 + -182. Suppose y = 9*z + 37. What are the prime factors of z?
2
Let k = -398 - -823. What are the prime factors of k?
5, 17
List the prime factors of -5*1/5*(-826 + 0).
2, 7, 59
Let g be -5*14/((-6)/3). Let w = 79 - g. What are the prime factors of w?
2, 11
List the prime factors of (-211)/2*-8 + (-2 - -2).
2, 211
Let v be (-2 - 2) + 4/2. Let k(x) = -6*x + 1. Let q(z) = 12*z - 3. Let b(t) = 10*k(t) + 4*q(t). List the prime factors of b(v).
2, 11
Let k(p) = 10*p - 4. Let g be k(5). Suppose g*u - 44*u = 338. List the prime factors of u.
13
Suppose -4*o + 33 = 5*p, 0 = 3*p + 2*p - 5*o - 15. Suppose p*b = -i - 8 + 35, 2*i = b + 10. Suppose 48 = 9*v - i*v. What are the prime factors of v?
2, 3
Suppose 5*i = 6 + 19. Suppose 0 = -b - i*b + 552. List the prime factors of b.
2, 23
List the prime factors of (436/(-6))/(-3*(-10)/(-495)).
11, 109
Sup